?
11
What is the greatest common divisor of 164008 and 39?
13
What is the greatest common factor of 14890 and 80?
10
What is the greatest common factor of 160 and 7264?
32
Calculate the highest common divisor of 780412 and 4.
4
Calculate the greatest common divisor of 1675 and 400.
25
What is the highest common factor of 163445 and 27297?
337
Calculate the greatest common divisor of 32976 and 1008.
144
Calculate the greatest common divisor of 42 and 569268.
42
Calculate the highest common factor of 70757 and 1557.
173
What is the greatest common divisor of 590 and 253405?
295
Calculate the greatest common factor of 1054 and 212970.
62
Calculate the greatest common factor of 200 and 7250700.
100
Calculate the highest common divisor of 30 and 973670.
10
Calculate the greatest common factor of 1750 and 230.
10
What is the highest common factor of 3003 and 12792?
39
What is the greatest common factor of 675 and 5345?
5
What is the highest common factor of 108046 and 42364?
178
What is the greatest common divisor of 250915 and 8375?
335
Calculate the highest common factor of 38816 and 352.
32
Calculate the highest common factor of 27360 and 48735.
855
Calculate the highest common factor of 483 and 2218.
1
Calculate the greatest common divisor of 506221 and 491.
491
Calculate the highest common divisor of 6 and 247238.
2
What is the greatest common divisor of 41840 and 20?
20
What is the highest common divisor of 206 and 665174?
206
What is the highest common factor of 5410 and 1070?
10
What is the greatest common divisor of 454 and 62198?
454
Calculate the highest common factor of 1602575 and 5200.
325
Calculate the highest common factor of 24174 and 108.
18
Calculate the greatest common divisor of 264 and 159.
3
What is the highest common divisor of 112 and 496216?
56
Calculate the highest common factor of 116900 and 1670.
1670
Calculate the greatest common factor of 18444 and 28188.
348
Calculate the greatest common factor of 224 and 183708.
28
What is the greatest common factor of 29 and 21141?
29
What is the highest common factor of 922890 and 270?
30
Calculate the highest common divisor of 5526 and 1578594.
1842
What is the highest common divisor of 785 and 15280?
5
What is the greatest common factor of 975912 and 64?
8
Calculate the greatest common factor of 24 and 65672.
8
What is the greatest common factor of 132175 and 850?
425
What is the highest common divisor of 630 and 6390?
90
Calculate the highest common factor of 558576 and 14223.
1293
Calculate the highest common factor of 244615 and 4060.
1015
What is the greatest common divisor of 12369 and 1235?
19
Calculate the greatest common factor of 2307988 and 119.
17
What is the highest common factor of 17104 and 4528?
16
Calculate the greatest common factor of 2073680 and 1587.
529
What is the highest common divisor of 42734 and 46?
46
Calculate the greatest common factor of 23739 and 656.
41
Calculate the greatest common divisor of 56320 and 400.
80
What is the greatest common divisor of 11 and 906323?
11
Calculate the greatest common divisor of 208783 and 2972.
743
Calculate the highest common factor of 38595 and 2139.
93
Calculate the highest common factor of 184 and 11016.
8
What is the greatest common divisor of 108652 and 92?
92
What is the highest common factor of 161852 and 36?
4
What is the greatest common factor of 16010 and 730?
10
Calculate the greatest common factor of 21 and 60627.
21
What is the greatest common factor of 10 and 7672?
2
Calculate the greatest common divisor of 6300 and 224.
28
What is the greatest common divisor of 37 and 4090905?
37
What is the greatest common divisor of 623191 and 37?
37
What is the highest common factor of 8 and 558640?
8
What is the greatest common divisor of 280 and 130704?
56
Calculate the greatest common factor of 6900 and 1428.
12
Calculate the highest common factor of 88356 and 97311.
597
Calculate the highest common factor of 58259 and 3519.
391
What is the highest common divisor of 282 and 314712?
282
What is the greatest common factor of 686499 and 99?
33
Calculate the highest common divisor of 17 and 32028.
17
Calculate the greatest common divisor of 112050 and 810.
270
Calculate the greatest common divisor of 252 and 461244.
84
Calculate the highest common divisor of 589 and 63593.
19
What is the greatest common factor of 5850 and 1430?
130
What is the highest common divisor of 10110 and 1290?
30
Calculate the highest common divisor of 13771 and 25897.
47
Calculate the highest common factor of 3430 and 2240.
70
What is the greatest common factor of 144 and 11872?
16
What is the highest common factor of 3068 and 19116?
236
Calculate the highest common divisor of 39643 and 464.
29
What is the greatest common factor of 65802 and 12?
6
Calculate the highest common divisor of 20114 and 3842.
226
Calculate the highest common divisor of 290 and 146218.
58
Calculate the greatest common factor of 1630 and 191362.
326
What is the highest common divisor of 10 and 221335?
5
What is the greatest common factor of 1 and 4517?
1
What is the highest common divisor of 62 and 644459?
31
Calculate the greatest common divisor of 686 and 76734.
98
Calculate the highest common divisor of 368 and 1371.
1
What is the greatest common factor of 23 and 10750?
1
What is the highest common divisor of 77 and 2975?
7
Calculate the highest common divisor of 254714 and 722.
38
What is the highest common divisor of 324 and 407916?
324
Calculate the greatest common factor of 2413040 and 320.
80
Calculate the greatest common factor of 6 and 297582.
6
Calculate the greatest common factor of 1856 and 290.
58
What is the highest common divisor of 52 and 1937?
13
Calculate the greatest common factor of 6606 and 171.
9
Calculate the greatest common factor of 160 and 4465.
5
What is the greatest common divisor of 6 and 342777?
3
What is the greatest common divisor of 9768 and 297?
33
Calculate the greatest common divisor of 75608 and 88.
8
Calculate the greatest common factor of 8 and 121984.
8
What is the greatest common divisor of 337110 and 510?
510
What is the greatest common divisor of 152 and 8048?
8
What is the greatest common factor of 12280 and 20?
20
What is the highest common factor of 333410 and 140?
70
What is the greatest common factor of 22188 and 324?
12
Calculate the highest common factor of 35003 and 272.
17
What is the greatest common factor of 340 and 5672356?
68
Calculate the greatest common factor of 164730 and 57.
57
Calculate the greatest common divisor of 28 and 305557.
7
What is the greatest common factor of 30 and 911300?
10
What is the highest common factor of 16002 and 1680?
42
Calculate the highest common factor of 334 and 15531.
167
Calculate the highest common factor of 772 and 158839.
193
Calculate the greatest common divisor of 572 and 47632.
52
What is the greatest common factor of 144 and 25182?
18
What is the greatest common divisor of 4648 and 59096?
664
Calculate the greatest common factor of 13515 and 25245.
255
Calculate the highest common divisor of 217660 and 290.
10
Calculate the highest common divisor of 76296 and 4692.
204
What is the highest common factor of 296160 and 2880?
480
What is the highest common divisor of 737757 and 9?
9
What is the highest common factor of 4332 and 11020?
76
What is the greatest common factor of 803816 and 416?
104
What is the highest common factor of 6767 and 2727?
101
What is the greatest common factor of 149160 and 10?
10
What is the greatest common divisor of 1608 and 28408?
536
Calculate the greatest common divisor of 4074453 and 214.
107
Calculate the greatest common factor of 485 and 8633.
97
Calculate the highest common factor of 1624 and 1678201.
203
What is the highest common divisor of 4802 and 14?
14
Calculate the highest common divisor of 1136 and 2059.
71
Calculate the highest common factor of 15 and 24335.
5
What is the highest common divisor of 44829 and 6851?
17
What is the greatest common factor of 1056602 and 584?
146
Calculate the greatest common factor of 203046 and 1290.
258
What is the highest common divisor of 406 and 33118?
58
What is the greatest common divisor of 1003312 and 16?
16
What is the highest common factor of 1648 and 290460?
412
What is the greatest com